-155*v + 82. What is the units digit of p(-13)?
7
Let k be -23*(6 + -9 + 6). What is the tens digit of k/(-6) + (-1)/(-2)?
1
Let t(k) = 2*k + 2*k + 0 + 16*k**2 + 4 - 13 + k**3. What is the tens digit of t(-8)?
7
Let z(t) = -26*t + 1. Suppose -14*x - 89 = 233. Let b = x - -20. What is the tens digit of z(b)?
7
Suppose -6426 - 5958 = -6*f. Suppose 562*z = 559*z + f. What is the units digit of z?
8
Suppose -14*x + 11*x + 5*c = -33, -3*x = 4*c - 33. Suppose -4*v + 2295 = x*v. What is the units digit of v?
3
Suppose 10 = 24*t - 22*t. Let b = t + 39. What is the units digit of b?
4
Let k(o) = -o**2 - o + 1025. Let y = -15 + 15. What is the units digit of k(y)?
5
Suppose -7*l = -4*l - 759. Suppose -r + 87 = -l. What is the hundreds digit of r?
3
Suppose -14*k + 107618 - 13496 = 0. Suppose -22*f + k + 19457 = 0. What is the thousands digit of f?
1
Let s(b) = -3*b + 1. Let h(z) = 12*z + 8. Let j(u) = -h(u) - 2*s(u). What is the units digit of j(-2)?
2
Let b(m) = -14*m - 7 + 10 - 22*m + 14. Let w be b(-7). Let x = w - 188. What is the units digit of x?
1
Let s(w) = w**2 - 8*w + 17. Let j be s(3). Let t be 1/(-2) + 1906/4. Suppose 6*g = j*g + t. What is the hundreds digit of g?
1
Let r(x) = -14 - 11*x - x**3 + 2*x**2 + 4*x**2 + 9*x**2. What is the tens digit of r(14)?
2
Let c = 14911 + -9844. What is the units digit of c?
7
Let f = -40743 + 73399. What is the ten thousands digit of f?
3
Suppose -123*a = -93*a - 656730. What is the tens digit of a?
9
Let c be 235/(-35) - (-2)/(-7). Let b(n) = -2*n - 17. Let d be b(c). What is the tens digit of -1 - (2 + -40 + d)?
4
Let f be 1021/(-11) - (-7)/((-154)/4). Let l = f + 230. Suppose 2*w - j - 99 = 0, -3*w = 3*j - l - 16. What is the tens digit of w?
5
Let p(i) = 4*i**2 + 86*i + 77. Let b be p(-32). Suppose -4*m + b = 4*o - 907, -2890 = -5*m - o. What is the hundreds digit of m?
5
Let s = 750 - 764. What is the tens digit of (-14234)/s - 130/(-455)?
1
Let d be 6/((-3)/((-9)/6)). Suppose j = -5*i - 0*i + 23, 1 = -d*j - i. What is the tens digit of -4 + 44*(-1 - j)?
4
Suppose 6*q - 25 = -79. Let p(v) = v**3 + 10*v**2 + 10*v + 19. Let d be p(q). Suppose d*l - 13*l + 54 = 0. What is the units digit of l?
8
Suppose -65 = 15*z - 260. What is the tens digit of z/(-104) + 2497/8?
1
Suppose -6*o - 9 + 27 = 0. What is the thousands digit of (15495/75)/(o/15)?
1
Let v(a) = 239*a - 52 + 3 + 41*a - 116*a + 137*a. What is the tens digit of v(6)?
5
Let f(d) = -3*d + d**2 + 5*d - 5 + d. Let u be f(2). Suppose 2*n = p - 43, u*p = p + 2*n + 142. What is the tens digit of p?
3
Let z = -83 - -164. Let r = z + -85. What is the units digit of r/(-12) + 3227/21?
4
Let p(a) = -a**3 + 8*a**2 - 5. Let x be p(4). Let k = 167 + x. What is the hundreds digit of k?
2
Let o = -35543 + 49375. What is the hundreds digit of o?
8
Let q(s) = 18*s**3 + 15*s**2 - 17*s + 12. Let k be q(5). Suppose -5*p + 2268 = -k. What is the units digit of p?
4
Let y = 36658 - 28235. What is the tens digit of y?
2
Let i be 20/15 + -2 - 2/(-3). Suppose -4*v = -2*a + 6, 4*v = -2*a - i*v + 14. Suppose 2*x + 195 = a*x. What is the tens digit of x?
6
Suppose 4*d + 2*w = -6, 4*d + 5*w = -0 + 3. Let q be -6*(-1)/2*1166/d. What is the units digit of (-2)/(-4)*q/(-11)?
3
Suppose 8449 = 2*m + 6*a - 6397, 5*a + 7415 = m. What is the tens digit of m?
2
Suppose -59*s = -57*s + 8. Let v = s + 9. Suppose 6*z - z = -2*l + 164, v*z + 184 = 2*l. What is the units digit of l?
7
Let n(q) = -34*q**2 + 2*q - 6. Let s(r) = -100*r**2 + 5*r - 18. Let d(o) = 8*n(o) - 3*s(o). Let t be d(-2). What is the tens digit of (2/1)/4*(t - 0)?
5
Suppose -2*k = -1068 - 352. Suppose -k = -4*i + 1070. What is the tens digit of i?
4
Let i = 192 - 212. What is the hundreds digit of -159*(-11 - i/(-15)*-1)?
5
Let x(p) = p**3 - 2*p - 8 - 3*p - 3*p + 6*p**2 + 3*p**2. Suppose -473 + 410 = 7*z. What is the units digit of x(z)?
4
Suppose -560*b + 554*b + 38970 = 0. What is the thousands digit of b?
6
Let w = 623 + -614. Suppose w*o - 1605 = 2409. What is the tens digit of o?
4
Let h(g) = 37*g - 39. Let j be h(21). Suppose -a - 3*a = -2*l + j, a = 4*l - 1497. What is the hundreds digit of l?
3
What is the units digit of (41/(-2))/(((-6909)/(-3453) + -2)/(-2))?
1
Let y be (-9)/(-12)*-4*-3. Let v(t) = t**3 + 6*t**2 + 3*t - 4. Let g be v(-5). Suppose -g*p - 204 = -y*p. What is the tens digit of p?
6
Let v(x) = 24*x**3 - 8*x**2 + 8*x + 19. Let d be v(4). Let y = 2565 - d. What is the units digit of y?
6
What is the thousands digit of 617286*10/240 + 6/8?
5
Suppose 5*n = 5*p - 341005, 0 = 3*p + n - 106059 - 98508. What is the units digit of p?
2
Suppose 0 = 5*w + t - 11801, 4*w + 49*t - 9452 = 51*t. What is the units digit of w?
1
Suppose 0 = 6*j - 31 + 7. Suppose -r - 252 = -3*r + j*g, g = -4*r + 522. Let l = r + 9. What is the hundreds digit of l?
1
Let z(b) be the first derivative of 41*b**2/2 - 4*b - 21. Let c be z(-1). Let d = 35 - c. What is the tens digit of d?
8
Suppose -5*w - 144 = -24. Let k be ((-99)/w*-10)/((-2)/8). Suppose -5*m = -0*m - k. What is the tens digit of m?
3
Let u(x) = 1585*x + 2366. What is the tens digit of u(30)?
1
Let q = -183 - -170. Let h(p) = -32*p + 10. What is the units digit of h(q)?
6
Let l = 4533 + 4086. What is the units digit of l?
9
Let j(x) = -5*x + 28. Let l be j(22). Let i = l + 85. Suppose -2*m + 351 = i*f, 3*f - 1 = 2*f. What is the units digit of m?
4
Let y = 42953 + -10926. What is the hundreds digit of y?
0
Let a = 110 - 188. Let t = -8 + a. Let h = -85 - t. What is the units digit of h?
1
Let p(g) = -10*g + 5*g - 3*g + 5. Let h be p(-13). Suppose 0 = 41*u - 40*u - h. What is the units digit of u?
9
Let h = 236 + -236. Suppose h = -3*d - b + 319, 113 = d - 2*b - b. What is the hundreds digit of d?
1
Suppose 8*h = 3523 + 4053. Let f = 1609 - h. What is the tens digit of f?
6
What is the tens digit of (26/(-65))/(2/(-80))*(-17 + 461)?
0
Let m = -3 + 5. Suppose -s + p = 5*p + 7, 0 = -m*s - 3*p - 4. What is the tens digit of s + -15*(-4 + 1)?
4
Let x = 45 - 116. Let y = -73 - x. What is the hundreds digit of (1*y*(-1379)/(-14))/(-1)?
1
Let i = 130 + 2. Let o be (2 - i) + (3 - 2). Let z = o - -205. What is the tens digit of z?
7
Let x(n) = -n**3 - 8*n**2 + 7*n - 21. Let k be x(-11). Let z(o) = -o + 2. Let v be z(2). Suppose k = -v*i + 5*i. What is the units digit of i?
3
Suppose -331*h - 329*h + 13610 = -658*h. What is the hundreds digit of h?
8
Let q(x) = -x**2 - 8*x - 2. Let i be q(-7). Suppose -i*v = -26 + 26. What is the tens digit of (v - (-10 - 0))*9?
9
Suppose 3*n - n - 5536 = -2*h, -5548 = -2*h + 2*n. Suppose 15*v - h = -2*v. What is the units digit of v?
3
Suppose q + 3*l - 14 = 0, 5*l - 2 = -3*q + 28. Suppose 106*j = 54*j + 988. Suppose 4*s + 5*c = 502 - j, -620 = -q*s - 3*c. What is the units digit of s?
7
Suppose 5*b + 6 - 6 = 0. Suppose 21*p - 9*p - 5040 = b. What is the hundreds digit of p?
4
Let d(z) = 5706*z**3 - 4*z**2 + 129*z - 260. What is the units digit of d(2)?
0
Let r(t) = 27 + 2 + 6 + 21*t + 4 + 0. What is the units digit of r(28)?
7
Let v be ((-220)/(-5) - 4)/2. Let y be 16/v*(-5)/(-2). Suppose 5*c + 3*x - 229 = -0*x, x - 91 = -y*c. What is the tens digit of c?
4
Suppose 0 = -2*t + 894 + 748. Suppose 3*r - 4*x = t, 2*x = 3*r - 1155 + 344. Suppose 0*u + 3*u = r. What is the units digit of u?
9
Let b = 42471 - 9409. What is the ten thousands digit of b?
3
Suppose 0*v - 298 = -v. Suppose -2*w - 4*p - v = 0, 226 = -3*w - 2*p - 229. Let z = w - -218. What is the units digit of z?
5
Let c = 32 + -20. Let m be (-30)/((c/(-96))/((-1)/(-3))). Suppose -m - 485 = -5*z. What is the hundreds digit of z?
1
Suppose 0*i = -5*i + 330. Let b = -124 - -143. Let j = i - b. What is the tens digit of j?
4
Suppose 3*s - 3*w - 37929 = 0, -4*s + 5*w + 35753 + 14816 = 0. What is the thousands digit of s?
2
Suppose 70*j - 703596 - 1221474 = 0. What is the units digit of j?
1
Let k(g) = -38 - 20*g + 103 - 22. Let h be k(-13). Suppose 0 = -z + 4*l + 59 + 60, -h = -2*z - 5*l. What is the tens digit of z?
3
Let b(q) = -9*q**2 - 74*q - 188. Let z(i) = 3*i**2 + 24*i + 63. Let h(l) = -6*b(l) - 17*z(l). What is the units digit of h(-14)?
1
Suppose q - 3*q + 1046 = 0. Suppose -3*t - 2*h + 1577 = 0, 2*t = 3*t + 2*h - q. What is the tens digit of t?
2
What is the thousands digit of 